{"id":373,"date":"2025-04-26T17:24:16","date_gmt":"2025-04-26T15:24:16","guid":{"rendered":"https:\/\/www.asociacioncardijn.org\/web\/?page_id=373"},"modified":"2025-05-14T18:43:16","modified_gmt":"2025-05-14T16:43:16","slug":"sensibilizacion","status":"publish","type":"page","link":"https:\/\/www.asociacioncardijn.org\/web\/sensibilizacion\/","title":{"rendered":"Sensibilizaci\u00f3n"},"content":{"rendered":"\n<blockquote class=\"wp-block-quote is-layout-flow wp-block-quote-is-layout-flow\">\n<h2 class=\"wp-block-heading\"><strong>Conocer la realidad migratoria para frenar y combatir el racismo, la xenofobia y la intolerancia<\/strong><br><\/h2>\n<\/blockquote>\n\n\n\n<figure class=\"wp-block-gallery has-nested-images columns-default is-cropped wp-block-gallery-1 is-layout-flex wp-block-gallery-is-layout-flex\">\n<figure class=\"wp-block-image size-large\"><img decoding=\"async\" width=\"1024\" height=\"79\" data-id=\"374\" src=\"https:\/\/www.asociacioncardijn.org\/web\/wp-content\/uploads\/2025\/04\/sensi1-1024x79.jpg\" alt=\"\" class=\"wp-image-374\" srcset=\"https:\/\/www.asociacioncardijn.org\/web\/wp-content\/uploads\/2025\/04\/sensi1-1024x79.jpg 1024w, https:\/\/www.asociacioncardijn.org\/web\/wp-content\/uploads\/2025\/04\/sensi1-300x23.jpg 300w, https:\/\/www.asociacioncardijn.org\/web\/wp-content\/uploads\/2025\/04\/sensi1-768x59.jpg 768w, https:\/\/www.asociacioncardijn.org\/web\/wp-content\/uploads\/2025\/04\/sensi1.jpg 1076w\" sizes=\"(max-width: 1024px) 100vw, 1024px\" \/><\/figure>\n<\/figure>\n\n\n\n<p class=\"justificado\">Desde hace 6 a\u00f1os estamos realizando un proyecto de sensibilizaci\u00f3n sobre las migraciones en la provincia de C\u00e1diz y Ceuta que se denomina&nbsp;<strong>\u00abConocer la realidad de las migraciones para poder frenar y combatir el racismo y la xenofobia\u00bb Proyecto de Sensibilizaci\u00f3n.<\/strong>&nbsp;Este proyecto est\u00e1 financiado por el Ministerio de de Inclusi\u00f3n, Seguridad Social y Migraciones, desde la Direcci\u00f3n General de Integraci\u00f3n y Atenci\u00f3n Humanitaria desde el \u201cPROGRAMA ESTATAL DE INCLUSI\u00d3N SOCIAL, GARANT\u00cdA INFANTIL Y LUCHA CONTRA LA POBREZA (CCI 2021ES05SFPR003)\u201d, y cofinanciado por Fondos Europeos FSE+.<\/p>\n\n\n\n<p><strong>Ante la realidad migratoria de estos \u00faltimos a\u00f1os, especialmente en la provincia de C\u00e1diz y Ceuta, no podemos dejar pasar la oportunidad y la necesidad de reflexionar y conocer mejor esta realidad. Es fundamental romper con ciertos rumores y desinformaciones que llegan por todo tipo de canales de comunicaci\u00f3n y redes sociales. La sensibilizaci\u00f3n y fortalecimiento de ciertos valores es fundamental para la convivencia entre las personas. Por eso llevamos desde enero de este a\u00f1o haciendo un trabajo de sensibilizaci\u00f3n mediante los talleres en centros educativos.<\/strong><\/p>\n\n\n\n<p><strong>Hemos impartido talleres desde el mes de enero hasta abril en las localidades de C\u00e1diz, Puerto Real, San Fernando, Chiclana de la Frontera, Sanl\u00facar de Barrameda, Jerez de la Frontera, Alcal\u00e1, Algeciras y Ceuta pasando por 25 centros educativos y 3961 participantes en los talleres de sensibilizaci\u00f3n sobre las migraciones.<\/strong><\/p>\n\n\n\n<p>El proyecto consiste en un proyecto de sensibilizaci\u00f3n sobre la realidad de las migraciones dirigida a ni\u00f1os, ni\u00f1as y adolescentes de la provincia de C\u00e1diz y Ceuta, en el cual se proponen una serie de talleres y acciones que facilitan el acercamiento a esta realidad permitiendo romper con actitudes de rechazo, racismo y xenofobia, impulsando la empat\u00eda y la inclusi\u00f3n de la sociedad de acogida.<\/p>\n\n\n\n<p>Tenemos tambi\u00e9n un banco de recursos sobre las migraciones, donde tambi\u00e9n podr\u00e9is encontrar recursos sobre esta tem\u00e1tica, educaci\u00f3n en valores, una gu\u00eda did\u00e1ctica dirigida a docentes, alumnado y las familias&#8230;.<\/p>\n\n\n\n<figure class=\"wp-block-gallery has-nested-images columns-default is-cropped wp-block-gallery-2 is-layout-flex wp-block-gallery-is-layout-flex\">\n<figure class=\"wp-block-image size-large\"><img decoding=\"async\" width=\"1024\" height=\"1024\" data-id=\"375\" src=\"https:\/\/www.asociacioncardijn.org\/web\/wp-content\/uploads\/2025\/04\/fotos_sensi_talleres-1024x1024.jpg\" alt=\"\" class=\"wp-image-375\" srcset=\"https:\/\/www.asociacioncardijn.org\/web\/wp-content\/uploads\/2025\/04\/fotos_sensi_talleres-1024x1024.jpg 1024w, https:\/\/www.asociacioncardijn.org\/web\/wp-content\/uploads\/2025\/04\/fotos_sensi_talleres-300x300.jpg 300w, https:\/\/www.asociacioncardijn.org\/web\/wp-content\/uploads\/2025\/04\/fotos_sensi_talleres-150x150.jpg 150w, https:\/\/www.asociacioncardijn.org\/web\/wp-content\/uploads\/2025\/04\/fotos_sensi_talleres-768x768.jpg 768w, https:\/\/www.asociacioncardijn.org\/web\/wp-content\/uploads\/2025\/04\/fotos_sensi_talleres.jpg 1080w\" sizes=\"(max-width: 1024px) 100vw, 1024px\" \/><\/figure>\n\n\n\n<figure class=\"wp-block-image size-large\"><img decoding=\"async\" width=\"1024\" height=\"1024\" data-id=\"376\" src=\"https:\/\/www.asociacioncardijn.org\/web\/wp-content\/uploads\/2025\/04\/fotos_sensi_talleres_1-1024x1024.jpg\" alt=\"\" class=\"wp-image-376\" srcset=\"https:\/\/www.asociacioncardijn.org\/web\/wp-content\/uploads\/2025\/04\/fotos_sensi_talleres_1-1024x1024.jpg 1024w, https:\/\/www.asociacioncardijn.org\/web\/wp-content\/uploads\/2025\/04\/fotos_sensi_talleres_1-300x300.jpg 300w, https:\/\/www.asociacioncardijn.org\/web\/wp-content\/uploads\/2025\/04\/fotos_sensi_talleres_1-150x150.jpg 150w, https:\/\/www.asociacioncardijn.org\/web\/wp-content\/uploads\/2025\/04\/fotos_sensi_talleres_1-768x768.jpg 768w, https:\/\/www.asociacioncardijn.org\/web\/wp-content\/uploads\/2025\/04\/fotos_sensi_talleres_1.jpg 1080w\" sizes=\"(max-width: 1024px) 100vw, 1024px\" \/><\/figure>\n<\/figure>\n","protected":false},"excerpt":{"rendered":"<p>Conocer la realidad migratoria para frenar y combatir el racismo, la xenofobia y la intolerancia Desde hace 6 a\u00f1os estamos realizando un proyecto de sensibilizaci\u00f3n sobre las migraciones en la provincia de C\u00e1diz y Ceuta que se denomina&nbsp;\u00abConocer la realidad de las migraciones para poder frenar y combatir el racismo y la xenofobia\u00bb Proyecto de<\/p>\n","protected":false},"author":1,"featured_media":0,"parent":0,"menu_order":0,"comment_status":"closed","ping_status":"closed","template":"","meta":{"om_disable_all_campaigns":false,"_monsterinsights_skip_tracking":false,"_monsterinsights_sitenote_active":false,"_monsterinsights_sitenote_note":"","_monsterinsights_sitenote_category":0,"_uf_show_specific_survey":0,"_uf_disable_surveys":false,"cybocfi_hide_featured_image":"","footnotes":""},"class_list":["post-373","page","type-page","status-publish","hentry"],"aioseo_notices":[],"_links":{"self":[{"href":"https:\/\/www.asociacioncardijn.org\/web\/wp-json\/wp\/v2\/pages\/373","targetHints":{"allow":["GET"]}}],"collection":[{"href":"https:\/\/www.asociacioncardijn.org\/web\/wp-json\/wp\/v2\/pages"}],"about":[{"href":"https:\/\/www.asociacioncardijn.org\/web\/wp-json\/wp\/v2\/types\/page"}],"author":[{"embeddable":true,"href":"https:\/\/www.asociacioncardijn.org\/web\/wp-json\/wp\/v2\/users\/1"}],"replies":[{"embeddable":true,"href":"https:\/\/www.asociacioncardijn.org\/web\/wp-json\/wp\/v2\/comments?post=373"}],"version-history":[{"count":3,"href":"https:\/\/www.asociacioncardijn.org\/web\/wp-json\/wp\/v2\/pages\/373\/revisions"}],"predecessor-version":[{"id":384,"href":"https:\/\/www.asociacioncardijn.org\/web\/wp-json\/wp\/v2\/pages\/373\/revisions\/384"}],"wp:attachment":[{"href":"https:\/\/www.asociacioncardijn.org\/web\/wp-json\/wp\/v2\/media?parent=373"}],"curies":[{"name":"wp","href":"https:\/\/api.w.org\/{rel}","templated":true}]}}

Sensibilización

<blockquote class="wp-block-quote is-layout-flow wp-block-quote-is-layout-flow">
<h2 class="wp-block-heading"><strong>Conocer la realidad migratoria para frenar y combatir el racismo, la xenofobia y la intolerancia</strong><br></h2>
</blockquote>



<figure class="wp-block-gallery has-nested-images columns-default is-cropped wp-block-gallery-1 is-layout-flex wp-block-gallery-is-layout-flex">
<figure class="wp-block-image size-large"><img decoding="async" width="1024" height="79" data-id="374" src="https://www.asociacioncardijn.org/web/wp-content/uploads/2025/04/sensi1-1024x79.jpg" alt="" class="wp-image-374" srcset="https://www.asociacioncardijn.org/web/wp-content/uploads/2025/04/sensi1-1024x79.jpg 1024w, https://www.asociacioncardijn.org/web/wp-content/uploads/2025/04/sensi1-300x23.jpg 300w, https://www.asociacioncardijn.org/web/wp-content/uploads/2025/04/sensi1-768x59.jpg 768w, https://www.asociacioncardijn.org/web/wp-content/uploads/2025/04/sensi1.jpg 1076w" sizes="(max-width: 1024px) 100vw, 1024px" /></figure>
</figure>



<p class="justificado">Desde hace 6 años estamos realizando un proyecto de sensibilización sobre las migraciones en la provincia de Cádiz y Ceuta que se denomina&nbsp;<strong>«Conocer la realidad de las migraciones para poder frenar y combatir el racismo y la xenofobia» Proyecto de Sensibilización.</strong>&nbsp;Este proyecto está financiado por el Ministerio de de Inclusión, Seguridad Social y Migraciones, desde la Dirección General de Integración y Atención Humanitaria desde el “PROGRAMA ESTATAL DE INCLUSIÓN SOCIAL, GARANTÍA INFANTIL Y LUCHA CONTRA LA POBREZA (CCI 2021ES05SFPR003)”, y cofinanciado por Fondos Europeos FSE+.</p>



<p><strong>Ante la realidad migratoria de estos últimos años, especialmente en la provincia de Cádiz y Ceuta, no podemos dejar pasar la oportunidad y la necesidad de reflexionar y conocer mejor esta realidad. Es fundamental romper con ciertos rumores y desinformaciones que llegan por todo tipo de canales de comunicación y redes sociales. La sensibilización y fortalecimiento de ciertos valores es fundamental para la convivencia entre las personas. Por eso llevamos desde enero de este año haciendo un trabajo de sensibilización mediante los talleres en centros educativos.</strong></p>



<p><strong>Hemos impartido talleres desde el mes de enero hasta abril en las localidades de Cádiz, Puerto Real, San Fernando, Chiclana de la Frontera, Sanlúcar de Barrameda, Jerez de la Frontera, Alcalá, Algeciras y Ceuta pasando por 25 centros educativos y 3961 participantes en los talleres de sensibilización sobre las migraciones.</strong></p>



<p>El proyecto consiste en un proyecto de sensibilización sobre la realidad de las migraciones dirigida a niños, niñas y adolescentes de la provincia de Cádiz y Ceuta, en el cual se proponen una serie de talleres y acciones que facilitan el acercamiento a esta realidad permitiendo romper con actitudes de rechazo, racismo y xenofobia, impulsando la empatía y la inclusión de la sociedad de acogida.</p>



<p>Tenemos también un banco de recursos sobre las migraciones, donde también podréis encontrar recursos sobre esta temática, educación en valores, una guía didáctica dirigida a docentes, alumnado y las familias&#8230;.</p>



<figure class="wp-block-gallery has-nested-images columns-default is-cropped wp-block-gallery-2 is-layout-flex wp-block-gallery-is-layout-flex">
<figure class="wp-block-image size-large"><img decoding="async" width="1024" height="1024" data-id="375" src="https://www.asociacioncardijn.org/web/wp-content/uploads/2025/04/fotos_sensi_talleres-1024x1024.jpg" alt="" class="wp-image-375" srcset="https://www.asociacioncardijn.org/web/wp-content/uploads/2025/04/fotos_sensi_talleres-1024x1024.jpg 1024w, https://www.asociacioncardijn.org/web/wp-content/uploads/2025/04/fotos_sensi_talleres-300x300.jpg 300w, https://www.asociacioncardijn.org/web/wp-content/uploads/2025/04/fotos_sensi_talleres-150x150.jpg 150w, https://www.asociacioncardijn.org/web/wp-content/uploads/2025/04/fotos_sensi_talleres-768x768.jpg 768w, https://www.asociacioncardijn.org/web/wp-content/uploads/2025/04/fotos_sensi_talleres.jpg 1080w" sizes="(max-width: 1024px) 100vw, 1024px" /></figure>



<figure class="wp-block-image size-large"><img decoding="async" width="1024" height="1024" data-id="376" src="https://www.asociacioncardijn.org/web/wp-content/uploads/2025/04/fotos_sensi_talleres_1-1024x1024.jpg" alt="" class="wp-image-376" srcset="https://www.asociacioncardijn.org/web/wp-content/uploads/2025/04/fotos_sensi_talleres_1-1024x1024.jpg 1024w, https://www.asociacioncardijn.org/web/wp-content/uploads/2025/04/fotos_sensi_talleres_1-300x300.jpg 300w, https://www.asociacioncardijn.org/web/wp-content/uploads/2025/04/fotos_sensi_talleres_1-150x150.jpg 150w, https://www.asociacioncardijn.org/web/wp-content/uploads/2025/04/fotos_sensi_talleres_1-768x768.jpg 768w, https://www.asociacioncardijn.org/web/wp-content/uploads/2025/04/fotos_sensi_talleres_1.jpg 1080w" sizes="(max-width: 1024px) 100vw, 1024px" /></figure>
</figure>

<p>Conocer la realidad migratoria para frenar y combatir el racismo, la xenofobia y la intolerancia Desde hace 6 años estamos realizando un proyecto de sensibilización sobre las migraciones en la provincia de Cádiz y Ceuta que se denomina&nbsp;«Conocer la realidad de las migraciones para poder frenar y combatir el racismo y la xenofobia» Proyecto de</p>
