{"id":100,"date":"2025-01-09T10:23:07","date_gmt":"2025-01-09T10:23:07","guid":{"rendered":"https:\/\/newsmagazinexpro.kinsta.cloud\/demo\/?page_id=100"},"modified":"2026-04-27T13:44:51","modified_gmt":"2026-04-27T11:44:51","slug":"contact","status":"publish","type":"page","link":"https:\/\/www.asociacioncardijn.org\/web\/contact\/","title":{"rendered":"Contacto"},"content":{"rendered":"\n<div class=\"wp-block-columns is-layout-flex wp-container-core-columns-is-layout-28f84493 wp-block-columns-is-layout-flex\">\n<div class=\"wp-block-column is-layout-flow wp-block-column-is-layout-flow\">\n<figure class=\"wp-block-table is-style-regular\"><table class=\"has-background has-fixed-layout\" style=\"background-color:#faa8a8\"><tbody><tr><td class=\"has-text-align-center\" data-align=\"center\"><strong>Acogida Protecci\u00f3n Internacional<\/strong><\/td><\/tr><\/tbody><\/table><\/figure>\n\n\n\n<p>Coordinaci\u00f3n: cin&#109;&#105;&#103;&#114;&#x61;&#x6e;&#x74;&#x65;&#x73;&#x40;&#x61;soc&#105;&#97;&#99;&#105;&#111;&#x6e;&#x63;&#x61;&#x72;&#x64;&#x69;jn&#46;o&#114;&#103;<\/p>\n\n\n\n<p>Atenci\u00f3n Social C\u00e1diz: &#109;i&#x67;r&#x61;n&#x74;&#101;&#x2e;&#112;&#x69;&#64;a&#x73;o&#x63;i&#x61;&#99;&#x69;&#111;&#x6e;&#99;&#x61;&#114;d&#x69;j&#x6e;&#46;&#x6f;&#114;&#x67;<\/p>\n\n\n\n<p>Atenci\u00f3n Social Algeciras: &#105;&#x6e;&#x6d;i&#111;&#x72;i&#101;&#x6e;t&#97;&#x61;l&#103;&#x65;&#x63;&#105;&#x72;&#x61;s&#64;&#x61;s&#111;&#x63;i&#97;&#x63;&#x69;&#111;&#x6e;&#x63;a&#114;&#x64;i&#106;&#x6e;&#46;&#111;&#x72;g<\/p>\n<\/div>\n<\/div>\n\n\n\n<figure class=\"wp-block-table is-style-regular\"><table class=\"has-pale-cyan-blue-background-color has-background has-fixed-layout\"><tbody><tr><td class=\"has-text-align-center\" data-align=\"center\"><strong>Orienta Protecci\u00f3n Internacional<\/strong><\/td><\/tr><\/tbody><\/table><\/figure>\n\n\n\n<p>Coordinaci\u00f3n: o&#114;&#x69;&#x65;&#x6e;t&#97;&#x70;&#x69;&#x40;a&#115;&#x6f;&#x63;&#x69;a&#99;&#x69;&#x6f;&#x6e;c&#97;&#x72;&#x64;&#x69;j&#110;&#x2e;&#x6f;&#x72;g<\/p>\n\n\n\n<figure class=\"wp-block-table is-style-regular\"><table class=\"has-background has-fixed-layout\" style=\"background-color:#ffe5a4\"><tbody><tr><td class=\"has-text-align-center\" data-align=\"center\"><strong>Servicio Jur\u00eddico Protecci\u00f3n Internacional<\/strong><\/td><\/tr><\/tbody><\/table><\/figure>\n\n\n\n<p>Coordinaci\u00f3n: &#x61;&#x62;&#x6f;&#103;&#97;do&#x40;&#x61;&#x73;&#111;&#99;ia&#x63;&#x69;&#x6f;&#110;&#99;ar&#x64;&#x69;&#x6a;&#110;&#46;or&#x67;<\/p>\n\n\n\n<figure class=\"wp-block-table is-style-regular\"><table class=\"has-background has-fixed-layout\" style=\"background-color:#73f6c6\"><tbody><tr><td class=\"has-text-align-center\" data-align=\"center\"><strong>\u00c1rea de Juventud<\/strong><\/td><\/tr><\/tbody><\/table><\/figure>\n\n\n\n<p>Coordinaci\u00f3n: a&#114;&#x65;&#x61;d&#101;&#x6a;&#x75;v&#101;&#110;&#x74;&#x75;d&#64;&#x61;&#x73;o&#99;&#x69;&#x61;c&#105;&#111;&#x6e;&#x63;a&#114;&#x64;&#x69;j&#110;&#x2e;&#x6f;r&#103;<\/p>\n\n\n\n<figure class=\"wp-block-table is-style-regular\"><table class=\"has-background has-fixed-layout\" style=\"background-color:#73f6c6\"><tbody><tr><td class=\"has-text-align-center\" data-align=\"center\"><strong>Curriculums<\/strong><\/td><\/tr><\/tbody><\/table><\/figure>\n\n\n\n<p>Coordinaci\u00f3n: &#x72;&#x65;&#99;&#105;b&#x65;&#x63;&#x76;&#64;as&#x6f;&#x63;&#105;&#97;c&#x69;&#x6f;&#x6e;&#99;ar&#x64;&#x69;&#106;&#110;&#46;&#x6f;&#x72;&#x67;<\/p>\n\n\n\n<hr class=\"wp-block-separator has-text-color has-alpha-channel-opacity has-background is-style-wide\" style=\"background-color:#e8e8e8;color:#e8e8e8\"\/>\n\n\n\n<div style=\"height:1px\" aria-hidden=\"true\" class=\"wp-block-spacer\"><\/div>\n\n\n\n<div class=\"wp-block-columns is-layout-flex wp-container-core-columns-is-layout-28f84493 wp-block-columns-is-layout-flex\">\n<div class=\"wp-block-column is-vertically-aligned-center is-layout-flow wp-block-column-is-layout-flow\">\n<p><strong>Web:<\/strong>&nbsp;<a href=\"https:\/\/www.asociacioncardijn.org\" title=\"\">https:\/\/asociacioncardijn.org<\/a><br><strong>Tel\u00e9fono:<\/strong>&nbsp;956 29 32 80<br><strong>Direcci\u00f3n:<\/strong>&nbsp;Trille, 40. Edificio Tartessos. 11012. C\u00e1diz.<\/p>\n\n\n\n<iframe src=\"https:\/\/www.google.com\/maps\/embed?pb=!1m18!1m12!1m3!1d3206.744011874754!2d-6.278664423740238!3d36.51204098388945!2m3!1f0!2f0!3f0!3m2!1i1024!2i768!4f13.1!3m3!1m2!1s0xd0dd2343556cdf9%3A0x3f6792946e8e5912!2sAsociaci%C3%B3n%20Cardijn!5e0!3m2!1ses!2ses!4v1745691547565!5m2!1ses!2ses\" width=\"600\" height=\"450\" style=\"border:0;\" allowfullscreen=\"\" loading=\"lazy\" referrerpolicy=\"no-referrer-when-downgrade\"><\/iframe>\n\n\n\n<ul class=\"wp-block-social-links is-style-default is-content-justification-left is-layout-flex wp-container-core-social-links-is-layout-fc4fd283 wp-block-social-links-is-layout-flex\"><li class=\"wp-social-link wp-social-link-facebook  wp-block-social-link\"><a rel=\"noopener nofollow\" target=\"_blank\" href=\"https:\/\/www.facebook.com\/AsociacionCardijn\" class=\"wp-block-social-link-anchor\"><svg width=\"24\" height=\"24\" viewBox=\"0 0 24 24\" version=\"1.1\" xmlns=\"http:\/\/www.w3.org\/2000\/svg\" aria-hidden=\"true\" focusable=\"false\"><path d=\"M12 2C6.5 2 2 6.5 2 12c0 5 3.7 9.1 8.4 9.9v-7H7.9V12h2.5V9.8c0-2.5 1.5-3.9 3.8-3.9 1.1 0 2.2.2 2.2.2v2.5h-1.3c-1.2 0-1.6.8-1.6 1.6V12h2.8l-.4 2.9h-2.3v7C18.3 21.1 22 17 22 12c0-5.5-4.5-10-10-10z\"><\/path><\/svg><span class=\"wp-block-social-link-label screen-reader-text\">Facebook<\/span><\/a><\/li>\n\n<li class=\"wp-social-link wp-social-link-x  wp-block-social-link\"><a rel=\"noopener nofollow\" target=\"_blank\" href=\"https:\/\/x.com\/AsocCardijn\" class=\"wp-block-social-link-anchor\"><svg width=\"24\" height=\"24\" viewBox=\"0 0 24 24\" version=\"1.1\" xmlns=\"http:\/\/www.w3.org\/2000\/svg\" aria-hidden=\"true\" focusable=\"false\"><path d=\"M13.982 10.622 20.54 3h-1.554l-5.693 6.618L8.745 3H3.5l6.876 10.007L3.5 21h1.554l6.012-6.989L15.868 21h5.245l-7.131-10.378Zm-2.128 2.474-.697-.997-5.543-7.93H8l4.474 6.4.697.996 5.815 8.318h-2.387l-4.745-6.787Z\" \/><\/svg><span class=\"wp-block-social-link-label screen-reader-text\">X<\/span><\/a><\/li><\/ul>\n<\/div>\n<\/div>\n\n\n\n<div style=\"height:1px\" aria-hidden=\"true\" class=\"wp-block-spacer\"><\/div>\n\n\n\n<hr class=\"wp-block-separator has-text-color has-alpha-channel-opacity has-background is-style-wide\" style=\"background-color:#e8e8e8;color:#e8e8e8\"\/>\n\n\n\n<div style=\"height:1px\" aria-hidden=\"true\" class=\"wp-block-spacer\"><\/div>\n\n\n<p>[contact-form-7 id=\u00bb667b0c3&#8243; title=\u00bbContact form 1&#8243;]<\/p>\n","protected":false},"excerpt":{"rendered":"<p>Acogida Protecci\u00f3n Internacional Coordinaci\u00f3n: &#x63;&#105;n&#x6d;&#x69;&#103;r&#x61;&#x6e;&#116;e&#x73;&#x40;&#97;s&#x6f;&#x63;&#105;a&#x63;&#105;&#111;n&#x63;&#97;r&#x64;&#x69;&#106;n&#x2e;&#x6f;&#114;g Atenci\u00f3n Social C\u00e1diz: &#x6d;&#x69;&#103;&#114;a&#x6e;&#x74;&#x65;&#46;pi&#x40;&#x61;&#115;&#111;c&#x69;&#x61;&#x63;&#105;on&#x63;&#x61;&#114;&#100;i&#x6a;&#x6e;&#x2e;&#111;rg Atenci\u00f3n Social Algeciras: &#x69;&#x6e;&#109;io&#x72;&#x69;&#101;&#110;t&#x61;&#x61;&#108;&#103;e&#x63;&#x69;&#x72;&#97;s&#64;&#x61;&#x73;&#111;&#99;i&#x61;&#x63;&#105;&#111;n&#x63;&#x61;&#114;&#100;i&#x6a;&#x6e;&#x2e;&#111;rg Orienta Protecci\u00f3n Internacional Coordinaci\u00f3n: &#x6f;&#114;i&#x65;&#110;t&#x61;&#112;i&#x40;&#97;s&#x6f;&#99;i&#x61;&#99;i&#x6f;&#110;c&#x61;&#114;d&#x69;&#106;n&#x2e;&#111;r&#x67; Servicio Jur\u00eddico Protecci\u00f3n Internacional Coordinaci\u00f3n: &#x61;&#98;&#x6f;&#103;a&#x64;&#111;&#64;&#x61;&#115;&#x6f;&#x63;i&#x61;&#99;i&#x6f;&#110;&#x63;&#x61;r&#x64;&#105;j&#x6e;&#46;o&#x72;&#103; \u00c1rea de Juventud Coordinaci\u00f3n: areadejuvent&#117;&#100;&#64;&#97;&#115;&#111;&#99;&#105;&#97;&#99;&#105;&#111;&#110;&#99;&#97;&#x72;&#x64;&#x69;&#x6a;&#x6e;&#x2e;&#x6f;&#x72;&#x67; Curriculums Coordinaci\u00f3n: &#114;&#x65;&#x63;i&#98;&#x65;c&#118;&#x40;a&#115;&#x6f;c&#105;&#x61;&#x63;&#105;&#x6f;&#x6e;c&#97;&#x72;d&#105;&#x6a;n&#46;&#x6f;&#x72;&#103; Web:&nbsp;https:\/\/asociacioncardijn.orgTel\u00e9fono:&nbsp;956 29 32 80Direcci\u00f3n:&nbsp;Trille, 40. Edificio Tartessos. 11012. C\u00e1diz.<\/p>\n","protected":false},"author":4,"featured_media":0,"parent":0,"menu_order":0,"comment_status":"closed","ping_status":"closed","template":"","meta":{"om_disable_all_campaigns":false,"_monsterinsights_skip_tracking":false,"_monsterinsights_sitenote_active":false,"_monsterinsights_sitenote_note":"","_monsterinsights_sitenote_category":0,"_uf_show_specific_survey":0,"_uf_disable_surveys":false,"cybocfi_hide_featured_image":"","footnotes":""},"class_list":["post-100","page","type-page","status-publish","hentry"],"aioseo_notices":[],"_links":{"self":[{"href":"https:\/\/www.asociacioncardijn.org\/web\/wp-json\/wp\/v2\/pages\/100","targetHints":{"allow":["GET"]}}],"collection":[{"href":"https:\/\/www.asociacioncardijn.org\/web\/wp-json\/wp\/v2\/pages"}],"about":[{"href":"https:\/\/www.asociacioncardijn.org\/web\/wp-json\/wp\/v2\/types\/page"}],"author":[{"embeddable":true,"href":"https:\/\/www.asociacioncardijn.org\/web\/wp-json\/wp\/v2\/users\/4"}],"replies":[{"embeddable":true,"href":"https:\/\/www.asociacioncardijn.org\/web\/wp-json\/wp\/v2\/comments?post=100"}],"version-history":[{"count":4,"href":"https:\/\/www.asociacioncardijn.org\/web\/wp-json\/wp\/v2\/pages\/100\/revisions"}],"predecessor-version":[{"id":1645,"href":"https:\/\/www.asociacioncardijn.org\/web\/wp-json\/wp\/v2\/pages\/100\/revisions\/1645"}],"wp:attachment":[{"href":"https:\/\/www.asociacioncardijn.org\/web\/wp-json\/wp\/v2\/media?parent=100"}],"curies":[{"name":"wp","href":"https:\/\/api.w.org\/{rel}","templated":true}]}}

<div class="wp-block-columns is-layout-flex wp-container-core-columns-is-layout-28f84493 wp-block-columns-is-layout-flex">
<div class="wp-block-column is-layout-flow wp-block-column-is-layout-flow">
<figure class="wp-block-table is-style-regular"><table class="has-background has-fixed-layout" style="background-color:#faa8a8"><tbody><tr><td class="has-text-align-center" data-align="center"><strong>Acogida Protección Internacional</strong></td></tr></tbody></table></figure>



<p>Coordinación: cin&#109;&#105;&#103;&#114;&#x61;&#x6e;&#x74;&#x65;&#x73;&#x40;&#x61;soc&#105;&#97;&#99;&#105;&#111;&#x6e;&#x63;&#x61;&#x72;&#x64;&#x69;jn&#46;o&#114;&#103;</p>



<p>Atención Social Cádiz: &#109;i&#x67;r&#x61;n&#x74;&#101;&#x2e;&#112;&#x69;&#64;a&#x73;o&#x63;i&#x61;&#99;&#x69;&#111;&#x6e;&#99;&#x61;&#114;d&#x69;j&#x6e;&#46;&#x6f;&#114;&#x67;</p>



<p>Atención Social Algeciras: &#105;&#x6e;&#x6d;i&#111;&#x72;i&#101;&#x6e;t&#97;&#x61;l&#103;&#x65;&#x63;&#105;&#x72;&#x61;s&#64;&#x61;s&#111;&#x63;i&#97;&#x63;&#x69;&#111;&#x6e;&#x63;a&#114;&#x64;i&#106;&#x6e;&#46;&#111;&#x72;g</p>
</div>
</div>



<figure class="wp-block-table is-style-regular"><table class="has-pale-cyan-blue-background-color has-background has-fixed-layout"><tbody><tr><td class="has-text-align-center" data-align="center"><strong>Orienta Protección Internacional</strong></td></tr></tbody></table></figure>



<p>Coordinación: o&#114;&#x69;&#x65;&#x6e;t&#97;&#x70;&#x69;&#x40;a&#115;&#x6f;&#x63;&#x69;a&#99;&#x69;&#x6f;&#x6e;c&#97;&#x72;&#x64;&#x69;j&#110;&#x2e;&#x6f;&#x72;g</p>



<figure class="wp-block-table is-style-regular"><table class="has-background has-fixed-layout" style="background-color:#ffe5a4"><tbody><tr><td class="has-text-align-center" data-align="center"><strong>Servicio Jurídico Protección Internacional</strong></td></tr></tbody></table></figure>



<p>Coordinación: &#x61;&#x62;&#x6f;&#103;&#97;do&#x40;&#x61;&#x73;&#111;&#99;ia&#x63;&#x69;&#x6f;&#110;&#99;ar&#x64;&#x69;&#x6a;&#110;&#46;or&#x67;</p>



<figure class="wp-block-table is-style-regular"><table class="has-background has-fixed-layout" style="background-color:#73f6c6"><tbody><tr><td class="has-text-align-center" data-align="center"><strong>Área de Juventud</strong></td></tr></tbody></table></figure>



<p>Coordinación: a&#114;&#x65;&#x61;d&#101;&#x6a;&#x75;v&#101;&#110;&#x74;&#x75;d&#64;&#x61;&#x73;o&#99;&#x69;&#x61;c&#105;&#111;&#x6e;&#x63;a&#114;&#x64;&#x69;j&#110;&#x2e;&#x6f;r&#103;</p>



<figure class="wp-block-table is-style-regular"><table class="has-background has-fixed-layout" style="background-color:#73f6c6"><tbody><tr><td class="has-text-align-center" data-align="center"><strong>Curriculums</strong></td></tr></tbody></table></figure>



<p>Coordinación: &#x72;&#x65;&#99;&#105;b&#x65;&#x63;&#x76;&#64;as&#x6f;&#x63;&#105;&#97;c&#x69;&#x6f;&#x6e;&#99;ar&#x64;&#x69;&#106;&#110;&#46;&#x6f;&#x72;&#x67;</p>



<hr class="wp-block-separator has-text-color has-alpha-channel-opacity has-background is-style-wide" style="background-color:#e8e8e8;color:#e8e8e8"/>



<div style="height:1px" aria-hidden="true" class="wp-block-spacer"></div>



<div class="wp-block-columns is-layout-flex wp-container-core-columns-is-layout-28f84493 wp-block-columns-is-layout-flex">
<div class="wp-block-column is-vertically-aligned-center is-layout-flow wp-block-column-is-layout-flow">
<p><strong>Web:</strong>&nbsp;<a href="https://www.asociacioncardijn.org" title="">https://asociacioncardijn.org</a><br><strong>Teléfono:</strong>&nbsp;956 29 32 80<br><strong>Dirección:</strong>&nbsp;Trille, 40. Edificio Tartessos. 11012. Cádiz.</p>



<iframe src="https://www.google.com/maps/embed?pb=!1m18!1m12!1m3!1d3206.744011874754!2d-6.278664423740238!3d36.51204098388945!2m3!1f0!2f0!3f0!3m2!1i1024!2i768!4f13.1!3m3!1m2!1s0xd0dd2343556cdf9%3A0x3f6792946e8e5912!2sAsociaci%C3%B3n%20Cardijn!5e0!3m2!1ses!2ses!4v1745691547565!5m2!1ses!2ses" width="600" height="450" style="border:0;" allowfullscreen="" loading="lazy" referrerpolicy="no-referrer-when-downgrade"></iframe>



<ul class="wp-block-social-links is-style-default is-content-justification-left is-layout-flex wp-container-core-social-links-is-layout-fc4fd283 wp-block-social-links-is-layout-flex"><li class="wp-social-link wp-social-link-facebook  wp-block-social-link"><a rel="noopener nofollow" target="_blank" href="https://www.facebook.com/AsociacionCardijn" class="wp-block-social-link-anchor"><svg width="24" height="24" viewBox="0 0 24 24" version="1.1" xmlns="http://www.w3.org/2000/svg" aria-hidden="true" focusable="false"><path d="M12 2C6.5 2 2 6.5 2 12c0 5 3.7 9.1 8.4 9.9v-7H7.9V12h2.5V9.8c0-2.5 1.5-3.9 3.8-3.9 1.1 0 2.2.2 2.2.2v2.5h-1.3c-1.2 0-1.6.8-1.6 1.6V12h2.8l-.4 2.9h-2.3v7C18.3 21.1 22 17 22 12c0-5.5-4.5-10-10-10z"></path></svg><span class="wp-block-social-link-label screen-reader-text">Facebook</span></a></li>

<li class="wp-social-link wp-social-link-x  wp-block-social-link"><a rel="noopener nofollow" target="_blank" href="https://x.com/AsocCardijn" class="wp-block-social-link-anchor"><svg width="24" height="24" viewBox="0 0 24 24" version="1.1" xmlns="http://www.w3.org/2000/svg" aria-hidden="true" focusable="false"><path d="M13.982 10.622 20.54 3h-1.554l-5.693 6.618L8.745 3H3.5l6.876 10.007L3.5 21h1.554l6.012-6.989L15.868 21h5.245l-7.131-10.378Zm-2.128 2.474-.697-.997-5.543-7.93H8l4.474 6.4.697.996 5.815 8.318h-2.387l-4.745-6.787Z" /></svg><span class="wp-block-social-link-label screen-reader-text">X</span></a></li></ul>
</div>
</div>



<div style="height:1px" aria-hidden="true" class="wp-block-spacer"></div>



<hr class="wp-block-separator has-text-color has-alpha-channel-opacity has-background is-style-wide" style="background-color:#e8e8e8;color:#e8e8e8"/>



<div style="height:1px" aria-hidden="true" class="wp-block-spacer"></div>


<p>[contact-form-7 id=»667b0c3&#8243; title=»Contact form 1&#8243;]</p>

<p>Acogida Protección Internacional Coordinación: &#x63;&#105;n&#x6d;&#x69;&#103;r&#x61;&#x6e;&#116;e&#x73;&#x40;&#97;s&#x6f;&#x63;&#105;a&#x63;&#105;&#111;n&#x63;&#97;r&#x64;&#x69;&#106;n&#x2e;&#x6f;&#114;g Atención Social Cádiz: &#x6d;&#x69;&#103;&#114;a&#x6e;&#x74;&#x65;&#46;pi&#x40;&#x61;&#115;&#111;c&#x69;&#x61;&#x63;&#105;on&#x63;&#x61;&#114;&#100;i&#x6a;&#x6e;&#x2e;&#111;rg Atención Social Algeciras: &#x69;&#x6e;&#109;io&#x72;&#x69;&#101;&#110;t&#x61;&#x61;&#108;&#103;e&#x63;&#x69;&#x72;&#97;s&#64;&#x61;&#x73;&#111;&#99;i&#x61;&#x63;&#105;&#111;n&#x63;&#x61;&#114;&#100;i&#x6a;&#x6e;&#x2e;&#111;rg Orienta Protección Internacional Coordinación: &#x6f;&#114;i&#x65;&#110;t&#x61;&#112;i&#x40;&#97;s&#x6f;&#99;i&#x61;&#99;i&#x6f;&#110;c&#x61;&#114;d&#x69;&#106;n&#x2e;&#111;r&#x67; Servicio Jurídico Protección Internacional Coordinación: &#x61;&#98;&#x6f;&#103;a&#x64;&#111;&#64;&#x61;&#115;&#x6f;&#x63;i&#x61;&#99;i&#x6f;&#110;&#x63;&#x61;r&#x64;&#105;j&#x6e;&#46;o&#x72;&#103; Área de Juventud Coordinación: areadejuvent&#117;&#100;&#64;&#97;&#115;&#111;&#99;&#105;&#97;&#99;&#105;&#111;&#110;&#99;&#97;&#x72;&#x64;&#x69;&#x6a;&#x6e;&#x2e;&#x6f;&#x72;&#x67; Curriculums Coordinación: &#114;&#x65;&#x63;i&#98;&#x65;c&#118;&#x40;a&#115;&#x6f;c&#105;&#x61;&#x63;&#105;&#x6f;&#x6e;c&#97;&#x72;d&#105;&#x6a;n&#46;&#x6f;&#x72;&#103; Web:&nbsp;https://asociacioncardijn.orgTeléfono:&nbsp;956 29 32 80Dirección:&nbsp;Trille, 40. Edificio Tartessos. 11012. Cádiz.</p>
